, 3, 5, 7, 41, 114407
What are the prime factors of 11744151?
3, 419, 9343
List the prime factors of 405560448.
2, 3, 352049
What are the prime factors of 218234246?
2, 239, 456557
What are the prime factors of 46424634?
2, 3, 1163, 6653
What are the prime factors of 743357416?
2, 127, 731651
What are the prime factors of 95958315?
3, 5, 2132407
List the prime factors of 464626455.
3, 5, 3727, 8311
List the prime factors of 72118662.
2, 3, 7, 11, 23, 617
What are the prime factors of 57359365?
5, 7, 113, 14503
What are the prime factors of 22153203?
3, 820489
What are the prime factors of 293090314?
2, 11, 19, 63743
List the prime factors of 61657843.
13, 47, 100913
What are the prime factors of 636414219?
3, 7, 73, 193, 239
What are the prime factors of 29376752?
2, 1836047
What are the prime factors of 192923729?
192923729
What are the prime factors of 35856521?
4259, 8419
What are the prime factors of 1181526384?
2, 3, 17, 1447949
What are the prime factors of 2636378845?
5, 1663, 317063
List the prime factors of 112813089.
3, 19, 1979177
What are the prime factors of 1984712384?
2, 31011131
What are the prime factors of 96098815?
5, 2909, 6607
What are the prime factors of 28343984?
2, 233, 7603
List the prime factors of 167560672.
2, 5236271
What are the prime factors of 213085911?
3, 3041, 23357
What are the prime factors of 31845685?
5, 23, 276919
What are the prime factors of 539100190?
2, 5, 53910019
What are the prime factors of 2395742920?
2, 5, 103, 581491
List the prime factors of 117092840.
2, 5, 223, 13127
What are the prime factors of 20257025?
5, 810281
What are the prime factors of 38576014?
2, 23, 838609
What are the prime factors of 3001278390?
2, 3, 5, 11, 173, 52571
List the prime factors of 1477371837.
3, 607, 811297
List the prime factors of 1590521644.
2, 1373, 289607
What are the prime factors of 593020492?
2, 148255123
What are the prime factors of 1352660833?
29, 46643477
List the prime factors of 62843412.
2, 3, 19, 101, 2729
List the prime factors of 8931842643.
3, 2977280881
What are the prime factors of 6890539312?
2, 113, 3811139
What are the prime factors of 688659259?
29, 23746871
List the prime factors of 129474853.
129474853
What are the prime factors of 202381213?
7507, 26959
List the prime factors of 110323580.
2, 5, 5516179
List the prime factors of 28692287.
13, 2207099
What are the prime factors of 78415058?
2, 31, 43, 67, 439
List the prime factors of 5484368.
2, 127, 2699
What are the prime factors of 326207570?
2, 5, 13, 109, 23021
List the prime factors of 111868731.
3, 13, 956143
What are the prime factors of 432699021?
3, 48077669
What are the prime factors of 18650127?
3, 31, 6469
List the prime factors of 373524007.
373524007
List the prime factors of 94898347.
31, 3061237
What are the prime factors of 1845370678?
2, 89, 331, 31321
List the prime factors of 314154818.
2, 43, 223, 16381
List the prime factors of 4580166.
2, 3, 73, 10457
What are the prime factors of 55378642?
2, 11, 2517211
What are the prime factors of 772580320?
2, 5, 463, 10429
List the prime factors of 1616686081.
59, 67, 241, 1697
What are the prime factors of 416010011?
97, 101, 42463
What are the prime factors of 62647242?
2, 3, 7, 1491601
What are the prime factors of 1176583472?
2, 73536467
List the prime factors of 9090573.
3, 3030191
List the prime factors of 690087470.
2, 5, 673, 102539
What are the prime factors of 37180153?
37, 41, 24509
List the prime factors of 589342119.
3, 196447373
What are the prime factors of 136960153?
11, 719, 17317
What are the prime factors of 424258837?
424258837
What are the prime factors of 481537540?
2, 5, 11, 2188807
List the prime factors of 41946821.
7, 5992403
What are the prime factors of 220809967?
7, 31544281
List the prime factors of 16283641.
11, 1480331
What are the prime factors of 1402323376?
2, 87645211
List the prime factors of 5376186027.
3, 66372667
What are the prime factors of 30329035?
5, 11, 19, 29023
List the prime factors of 210647352.
2, 3, 653, 13441
List the prime factors of 7110866832.
2, 3, 148143059
What are the prime factors of 1931356755?
3, 5, 42919039
List the prime factors of 102868453.
102868453
List the prime factors of 62872779.
3, 20957593
What are the prime factors of 2534535237?
3, 13, 64988083
List the prime factors of 1852203445.
5, 199, 1861511
List the prime factors of 55051192.
2, 7, 41, 23977
What are the prime factors of 1284607814?
2, 7, 13108243
List the prime factors of 61897559.
37, 137, 12211
What are the prime factors of 75581578?
2, 1409, 26821
What are the prime factors of 4900385870?
2, 5, 490038587
List the prime factors of 512019939.
3, 337, 506449
What are the prime factors of 17711203?
2903, 6101
List the prime factors of 26761157.
26761157
List the prime factors of 3143320520.
2, 5, 47, 71, 23549
List the prime factors of 2408456035.
5, 67, 7189421
What are the prime factors of 426325643?
17, 25077979
List the prime factors of 50725501.
17, 347, 8599
What are the prime factors of 224786708?
2, 61, 921257
What are the prime factors of 117100515?
3, 5, 7, 19, 79, 743
What are the prime factors of 112344890?
2, 5, 7, 181, 8867
List the prime factors of 4664572052.
2, 7, 967, 24611
List the prime factors of 2013801374.
2, 13, 19, 197, 20693
What are the prime factors of 10865862?
2, 3, 7, 83, 1039
List the prime factors of 11491081.
7, 1641583
What are the prime factors of 26128455?
3, 5, 1741897
List the prime factors of 670724050.
2, 5, 13414481
List the prime factors of 88772161.
19, 29, 73, 2207
List the prime factors of 23472785.
5, 7, 73, 9187
What are the prime factors of 6017421681?
3, 2081, 321289
What are the prime factors of 361434212?
2, 17, 5315209
List the prime factors of 2656773307.
3539, 750713
List the prime factors of 452914739.
59, 137, 409
What are the prime factors of 197550334?
2, 19, 5198693
What are the prime factors of 40030469?
29, 1061, 1301
List the prime factors of 274047304.
2, 577, 59369
List the prime factors of 72993633.
3, 24331211
What are the prime factors of 146230884?
2, 3, 4061969
List the prime factors of 78473669.
4049, 19381
List the prime factors of 1310301099.
3, 23, 109, 58073
List the prime factors of 1550876247.
3, 57439861
List the prime factors of 25526.
2, 12763
What are the prime factors of 129952473?
3, 7, 37, 167249
What are the prime factors of 163864052?
2, 11, 23, 161921
List the prime factors of 239218144.
2, 11, 679597
List the prime factors of 655094348.
2, 587, 279001
List the prime factors of 1912592565.
3, 5, 13, 17, 192317
What are the prime factors of 128340134?
2, 13, 1109, 4451
What are the prime factors of 95926874?
2, 541, 88657
What are the prime factors of 707100292?
2, 137, 1290329
List the prime factors of 3426413933.
151, 22691483
What are the prime factors of 728872620?
2, 3, 5, 7, 17, 31, 37, 89
List the prime factors of 10043248.
2, 19, 33037
What are the prime factors of 200360514?
2, 3, 33393419
List the prime factors of 128029562.
2, 19, 3369199
What are the prime factors of 254444522?
2, 1889, 67349
List the prime factors of 6465363079.
7, 923623297
List the prime factors of 173422728.
2, 3, 19, 42257
List the prime factors of 692119170.
2, 3, 5, 1531, 5023
List the prime factors of 902589584.
2, 13, 89, 48757
What are the prime factors of 595741163?
257, 2318059
List the prime factors of 38027894.
2, 19013947
What are the prime factors of 213165644?
2, 53291411
What are the prime factors of 35125296?
2, 3, 59, 79, 157
List the prime factors of 48894870.
2, 3, 5, 29, 43, 1307
What are the prime factors of 54515940?
2, 3, 5, 17, 19, 29, 97
What are the prime factors of 538632027?
3, 59848003
List the prime factors of 34989170.
2, 5, 197, 17761
What are the prime factors of 7102212947?
211, 1993, 16889
What are the prime factors of 143313790?
2, 5, 14331379
What are the prime factors of 153805762?
2, 11, 257, 2473
List the prime factors of 160838335.
5, 7, 656483
What are the prime factors of 439107019?
13, 3319, 10177
What are the prime factors of 304067936?
2, 2789, 3407
What are the prime factors of 29218788?
2, 3, 347, 2339
What are the prime factors of 741987941?
741987941
List the prime factors of 65214730.
2, 5, 7, 931639
What are the prim